{"id":119,"date":"2016-05-08T00:51:51","date_gmt":"2016-05-07T22:51:51","guid":{"rendered":"http:\/\/www.sv-sf.be\/SFXL\/?page_id=119"},"modified":"2022-02-03T10:30:00","modified_gmt":"2022-02-03T09:30:00","slug":"presentation","status":"publish","type":"page","link":"http:\/\/www.sv-sf.be\/SFXL\/?page_id=119","title":{"rendered":"PR\u00c9SENTATION"},"content":{"rendered":"<p>[et_pb_section fb_built=\u00a0\u00bb1&Prime; custom_padding_last_edited=\u00a0\u00bbon|desktop\u00a0\u00bb admin_label=\u00a0\u00bbsection\u00a0\u00bb _builder_version=\u00a0\u00bb3.22&Prime; background_color=\u00a0\u00bb#004080&Prime; background_image=\u00a0\u00bbhttp:\/\/www.sv-sf.be\/SFXL\/wp-content\/uploads\/2016\/05\/fond_menu_vert.jpg\u00a0\u00bb custom_padding_tablet=\u00a0\u00bb50px|0|50px|0&Prime; custom_padding_phone=\u00a0\u00bb\u00a0\u00bb transparent_background=\u00a0\u00bboff\u00a0\u00bb padding_mobile=\u00a0\u00bboff\u00a0\u00bb make_fullwidth=\u00a0\u00bboff\u00a0\u00bb use_custom_width=\u00a0\u00bboff\u00a0\u00bb width_unit=\u00a0\u00bbon\u00a0\u00bb global_colors_info=\u00a0\u00bb{}\u00a0\u00bb][et_pb_row padding_mobile=\u00a0\u00bboff\u00a0\u00bb column_padding_mobile=\u00a0\u00bbon\u00a0\u00bb admin_label=\u00a0\u00bbrow\u00a0\u00bb _builder_version=\u00a0\u00bb3.25&Prime; background_color=\u00a0\u00bbrgba(255,255,255,0)\u00a0\u00bb background_size=\u00a0\u00bbinitial\u00a0\u00bb background_position=\u00a0\u00bbtop_left\u00a0\u00bb background_repeat=\u00a0\u00bbrepeat\u00a0\u00bb make_fullwidth=\u00a0\u00bboff\u00a0\u00bb use_custom_width=\u00a0\u00bboff\u00a0\u00bb width_unit=\u00a0\u00bbon\u00a0\u00bb global_colors_info=\u00a0\u00bb{}\u00a0\u00bb][et_pb_column type=\u00a0\u00bb4_4&Prime; _builder_version=\u00a0\u00bb3.25&Prime; background_color=\u00a0\u00bbrgba(255,255,255,0)\u00a0\u00bb custom_padding=\u00a0\u00bb|||\u00a0\u00bb global_colors_info=\u00a0\u00bb{}\u00a0\u00bb custom_padding__hover=\u00a0\u00bb|||\u00a0\u00bb][et_pb_text admin_label=\u00a0\u00bbPR\u00c9SENTATION\u00a0\u00bb _builder_version=\u00a0\u00bb3.27.4&Prime; text_font=\u00a0\u00bbCuprum|on|||\u00a0\u00bb text_text_color=\u00a0\u00bb#ffffff\u00a0\u00bb text_font_size=\u00a0\u00bb28&Prime; text_line_height=\u00a0\u00bb1.8em\u00a0\u00bb background_color=\u00a0\u00bbrgba(255,255,255,0)\u00a0\u00bb background_size=\u00a0\u00bbinitial\u00a0\u00bb background_position=\u00a0\u00bbtop_left\u00a0\u00bb background_repeat=\u00a0\u00bbrepeat\u00a0\u00bb text_orientation=\u00a0\u00bbcenter\u00a0\u00bb module_alignment=\u00a0\u00bbcenter\u00a0\u00bb custom_margin=\u00a0\u00bb0px||0px|\u00a0\u00bb custom_padding=\u00a0\u00bb0px||0px|\u00a0\u00bb text_font_size_last_edited=\u00a0\u00bboff|phone\u00a0\u00bb use_border_color=\u00a0\u00bboff\u00a0\u00bb border_color=\u00a0\u00bb#000000&Prime; border_style=\u00a0\u00bbsolid\u00a0\u00bb global_colors_info=\u00a0\u00bb{}\u00a0\u00bb] PR\u00c9SENTATION [\/et_pb_text][\/et_pb_column][\/et_pb_row][\/et_pb_section][et_pb_section fb_built=\u00a0\u00bb1&Prime; custom_padding_last_edited=\u00a0\u00bbon|desktop\u00a0\u00bb _builder_version=\u00a0\u00bb3.22&Prime; background_color=\u00a0\u00bb#e5f7e5&Prime; custom_padding_tablet=\u00a0\u00bb50px|0|50px|0&Prime; custom_padding_phone=\u00a0\u00bb\u00a0\u00bb transparent_background=\u00a0\u00bboff\u00a0\u00bb padding_mobile=\u00a0\u00bboff\u00a0\u00bb make_fullwidth=\u00a0\u00bboff\u00a0\u00bb use_custom_width=\u00a0\u00bboff\u00a0\u00bb width_unit=\u00a0\u00bbon\u00a0\u00bb global_colors_info=\u00a0\u00bb{}\u00a0\u00bb][et_pb_row column_structure=\u00a0\u00bb1_3,2_3&Prime; _builder_version=\u00a0\u00bb4.14.2&Prime; background_size=\u00a0\u00bbinitial\u00a0\u00bb background_position=\u00a0\u00bbtop_left\u00a0\u00bb background_repeat=\u00a0\u00bbrepeat\u00a0\u00bb global_colors_info=\u00a0\u00bb{}\u00a0\u00bb][et_pb_column type=\u00a0\u00bb1_3&Prime; _builder_version=\u00a0\u00bb3.25&Prime; custom_padding=\u00a0\u00bb|||\u00a0\u00bb global_colors_info=\u00a0\u00bb{}\u00a0\u00bb custom_padding__hover=\u00a0\u00bb|||\u00a0\u00bb][et_pb_video src=\u00a0\u00bbhttps:\/\/www.sv-sf.be\/SFXL\/wp-content\/uploads\/2021\/02\/video_presentation_1deg.mp4&Prime; _builder_version=\u00a0\u00bb4.14.2&Prime; _module_preset=\u00a0\u00bbdefault\u00a0\u00bb hover_enabled=\u00a0\u00bb0&Prime; global_colors_info=\u00a0\u00bb{}\u00a0\u00bb admin_label=\u00a0\u00bbPRESENTATION COLLEGE\u00a0\u00bb sticky_enabled=\u00a0\u00bb0&Prime;][\/et_pb_video][\/et_pb_column][et_pb_column type=\u00a0\u00bb2_3&Prime; _builder_version=\u00a0\u00bb3.25&Prime; custom_padding=\u00a0\u00bb|||\u00a0\u00bb global_colors_info=\u00a0\u00bb{}\u00a0\u00bb custom_padding__hover=\u00a0\u00bb|||\u00a0\u00bb][et_pb_text _builder_version=\u00a0\u00bb4.14.2&Prime; text_font_size=\u00a0\u00bb15&Prime; background_size=\u00a0\u00bbinitial\u00a0\u00bb background_position=\u00a0\u00bbtop_left\u00a0\u00bb background_repeat=\u00a0\u00bbrepeat\u00a0\u00bb text_orientation=\u00a0\u00bbjustified\u00a0\u00bb custom_margin=\u00a0\u00bb0px||5px|\u00a0\u00bb hover_enabled=\u00a0\u00bb0&Prime; text_font_size_tablet=\u00a0\u00bb\u00a0\u00bb text_font_size_phone=\u00a0\u00bb17&Prime; text_font_size_last_edited=\u00a0\u00bbon|phone\u00a0\u00bb text_line_height_tablet=\u00a0\u00bb\u00a0\u00bb text_line_height_phone=\u00a0\u00bb\u00a0\u00bb text_line_height_last_edited=\u00a0\u00bbon|phone\u00a0\u00bb border_style=\u00a0\u00bbsolid\u00a0\u00bb global_colors_info=\u00a0\u00bb{}\u00a0\u00bb admin_label=\u00a0\u00bbTEXTE\u00a0\u00bb sticky_enabled=\u00a0\u00bb0&Prime;]Notre\u00a0Coll\u00e8ge est un\u00a0\u00e9tablissement \u00e0 taille humaine et entend le rester.\u00a0Il accueille des \u00e9l\u00e8ves d\u2019origines\u00a0culturelles diverses. Ceci permet tol\u00e9rance, ouverture d\u2019esprit, respect\u00a0et abandon de \u00ab\u00a0clich\u00e9s\u00a0\u00bb ou d\u2019id\u00e9es toutes faites.<\/p>\n<p>Notre but est de permettre aux jeunes que nous inscrivons de se construire une personnalit\u00e9 ouverte, critique et humaniste afin qu\u2019ils puissent, au terme de leur scolarit\u00e9, faire des choix r\u00e9fl\u00e9chis et autonomes, \u00eatre en mesure d\u2019utiliser leur savoir avec souplesse lorsqu\u2019ils sont confront\u00e9s \u00e0 des situations nouvelles, \u00eatre des citoyens responsables.<\/p>\n<p>L&rsquo;ADN du Coll\u00e8ge est explicit\u00e9 dans la charte r\u00e9dig\u00e9e par toutes les composantes \u00e9ducatives (C.A., professeurs, \u00e9l\u00e8ves, \u00e9ducateurs, parents, direction) et revue tous les deux ans.<br \/>\n[\/et_pb_text][\/et_pb_column][\/et_pb_row][et_pb_row column_structure=\u00a0\u00bb1_3,2_3&Prime; _builder_version=\u00a0\u00bb3.25&Prime; background_size=\u00a0\u00bbinitial\u00a0\u00bb background_position=\u00a0\u00bbtop_left\u00a0\u00bb background_repeat=\u00a0\u00bbrepeat\u00a0\u00bb global_colors_info=\u00a0\u00bb{}\u00a0\u00bb][et_pb_column type=\u00a0\u00bb1_3&Prime; _builder_version=\u00a0\u00bb3.25&Prime; custom_padding=\u00a0\u00bb|||\u00a0\u00bb global_colors_info=\u00a0\u00bb{}\u00a0\u00bb custom_padding__hover=\u00a0\u00bb|||\u00a0\u00bb][et_pb_testimonial portrait_url=\u00a0\u00bbhttp:\/\/www.sv-sf.be\/SVXL\/wp-content\/uploads\/2016\/05\/diaporama_illustration.jpg\u00a0\u00bb quote_icon_color=\u00a0\u00bb#004080&Prime; portrait_width=\u00a0\u00bb180&Prime; portrait_height=\u00a0\u00bb60&Prime; admin_label=\u00a0\u00bbCONSEILS\u00a0\u00bb _builder_version=\u00a0\u00bb3.2&Prime; body_font_size=\u00a0\u00bb15&Prime; background_color=\u00a0\u00bb#ffffff\u00a0\u00bb background_size=\u00a0\u00bbinitial\u00a0\u00bb background_position=\u00a0\u00bbtop_left\u00a0\u00bb background_repeat=\u00a0\u00bbrepeat\u00a0\u00bb text_orientation=\u00a0\u00bbjustified\u00a0\u00bb body_font_size_tablet=\u00a0\u00bb\u00a0\u00bb body_font_size_phone=\u00a0\u00bb17&Prime; body_font_size_last_edited=\u00a0\u00bbon|phone\u00a0\u00bb use_border_color=\u00a0\u00bboff\u00a0\u00bb border_color=\u00a0\u00bb#ffffff\u00a0\u00bb border_style=\u00a0\u00bbsolid\u00a0\u00bb portrait_border_radius=\u00a0\u00bb0&Prime; global_colors_info=\u00a0\u00bb{}\u00a0\u00bb]<\/p>\n<p style=\"text-align: justify;\">Si vous souhaitez arr\u00eater le d\u00e9filement automatique du diaporama de la visite des lieux, il suffit de poser le pointeur de votre souris sur une photo quelconque. Pour passer en mode manuel cliquez sur une photo.<\/p>\n<p style=\"text-align: justify;\">Pour quitter le mode manuel, cliquez sur la croix situ\u00e9e en haut \u00e0 droite de la photo ou appuyez simplement sur la touche <span style=\"color: #ff0000;\"><strong>ESC<\/strong><\/span> de votre clavier.<\/p>\n<p>[\/et_pb_testimonial][\/et_pb_column][et_pb_column type=\u00a0\u00bb2_3&Prime; _builder_version=\u00a0\u00bb3.25&Prime; custom_padding=\u00a0\u00bb|||\u00a0\u00bb global_colors_info=\u00a0\u00bb{}\u00a0\u00bb custom_padding__hover=\u00a0\u00bb|||\u00a0\u00bb][et_pb_gallery gallery_ids=\u00a0\u00bb228,227,230,216,217,226,234,236,235,231,232,233,224,225,221,222,223,218,219,220,237&Prime; fullwidth=\u00a0\u00bbon\u00a0\u00bb admin_label=\u00a0\u00bbDIAPORAMA\u00a0\u00bb _builder_version=\u00a0\u00bb3.0.87&Prime; caption_all_caps=\u00a0\u00bboff\u00a0\u00bb auto=\u00a0\u00bbon\u00a0\u00bb auto_speed=\u00a0\u00bb2500&Prime; use_border_color=\u00a0\u00bboff\u00a0\u00bb border_color=\u00a0\u00bb#ffffff\u00a0\u00bb border_style=\u00a0\u00bbsolid\u00a0\u00bb global_colors_info=\u00a0\u00bb{}\u00a0\u00bb][\/et_pb_gallery][\/et_pb_column][\/et_pb_row][\/et_pb_section]<\/p>\n","protected":false},"excerpt":{"rendered":"<p>PR\u00c9SENTATION Notre\u00a0Coll\u00e8ge est un\u00a0\u00e9tablissement \u00e0 taille humaine et entend le rester.\u00a0Il accueille des \u00e9l\u00e8ves d\u2019origines\u00a0culturelles diverses. Ceci permet tol\u00e9rance, ouverture d\u2019esprit, respect\u00a0et abandon de \u00ab\u00a0clich\u00e9s\u00a0\u00bb ou d\u2019id\u00e9es toutes faites. Notre but est de permettre aux jeunes que nous inscrivons de se construire une personnalit\u00e9 ouverte, critique et humaniste afin qu\u2019ils puissent, au terme de leur [&hellip;]<\/p>\n","protected":false},"author":1,"featured_media":0,"parent":0,"menu_order":0,"comment_status":"closed","ping_status":"closed","template":"","meta":{"_et_pb_use_builder":"on","_et_pb_old_content":"","_et_gb_content_width":"","footnotes":""},"class_list":["post-119","page","type-page","status-publish","hentry"],"_links":{"self":[{"href":"http:\/\/www.sv-sf.be\/SFXL\/index.php?rest_route=\/wp\/v2\/pages\/119","targetHints":{"allow":["GET"]}}],"collection":[{"href":"http:\/\/www.sv-sf.be\/SFXL\/index.php?rest_route=\/wp\/v2\/pages"}],"about":[{"href":"http:\/\/www.sv-sf.be\/SFXL\/index.php?rest_route=\/wp\/v2\/types\/page"}],"author":[{"embeddable":true,"href":"http:\/\/www.sv-sf.be\/SFXL\/index.php?rest_route=\/wp\/v2\/users\/1"}],"replies":[{"embeddable":true,"href":"http:\/\/www.sv-sf.be\/SFXL\/index.php?rest_route=%2Fwp%2Fv2%2Fcomments&post=119"}],"version-history":[{"count":13,"href":"http:\/\/www.sv-sf.be\/SFXL\/index.php?rest_route=\/wp\/v2\/pages\/119\/revisions"}],"predecessor-version":[{"id":3584,"href":"http:\/\/www.sv-sf.be\/SFXL\/index.php?rest_route=\/wp\/v2\/pages\/119\/revisions\/3584"}],"wp:attachment":[{"href":"http:\/\/www.sv-sf.be\/SFXL\/index.php?rest_route=%2Fwp%2Fv2%2Fmedia&parent=119"}],"curies":[{"name":"wp","href":"https:\/\/api.w.org\/{rel}","templated":true}]}}

PRÉSENTATION

<p>[et_pb_section fb_built= »1&Prime; custom_padding_last_edited= »on|desktop » admin_label= »section » _builder_version= »3.22&Prime; background_color= »#004080&Prime; background_image= »http://www.sv-sf.be/SFXL/wp-content/uploads/2016/05/fond_menu_vert.jpg » custom_padding_tablet= »50px|0|50px|0&Prime; custom_padding_phone= » » transparent_background= »off » padding_mobile= »off » make_fullwidth= »off » use_custom_width= »off » width_unit= »on » global_colors_info= »{} »][et_pb_row padding_mobile= »off » column_padding_mobile= »on » admin_label= »row » _builder_version= »3.25&Prime; background_color= »rgba(255,255,255,0) » background_size= »initial » background_position= »top_left » background_repeat= »repeat » make_fullwidth= »off » use_custom_width= »off » width_unit= »on » global_colors_info= »{} »][et_pb_column type= »4_4&Prime; _builder_version= »3.25&Prime; background_color= »rgba(255,255,255,0) » custom_padding= »||| » global_colors_info= »{} » custom_padding__hover= »||| »][et_pb_text admin_label= »PRÉSENTATION » _builder_version= »3.27.4&Prime; text_font= »Cuprum|on||| » text_text_color= »#ffffff » text_font_size= »28&Prime; text_line_height= »1.8em » background_color= »rgba(255,255,255,0) » background_size= »initial » background_position= »top_left » background_repeat= »repeat » text_orientation= »center » module_alignment= »center » custom_margin= »0px||0px| » custom_padding= »0px||0px| » text_font_size_last_edited= »off|phone » use_border_color= »off » border_color= »#000000&Prime; border_style= »solid » global_colors_info= »{} »] PRÉSENTATION [/et_pb_text][/et_pb_column][/et_pb_row][/et_pb_section][et_pb_section fb_built= »1&Prime; custom_padding_last_edited= »on|desktop » _builder_version= »3.22&Prime; background_color= »#e5f7e5&Prime; custom_padding_tablet= »50px|0|50px|0&Prime; custom_padding_phone= » » transparent_background= »off » padding_mobile= »off » make_fullwidth= »off » use_custom_width= »off » width_unit= »on » global_colors_info= »{} »][et_pb_row column_structure= »1_3,2_3&Prime; _builder_version= »4.14.2&Prime; background_size= »initial » background_position= »top_left » background_repeat= »repeat » global_colors_info= »{} »][et_pb_column type= »1_3&Prime; _builder_version= »3.25&Prime; custom_padding= »||| » global_colors_info= »{} » custom_padding__hover= »||| »][et_pb_video src= »https://www.sv-sf.be/SFXL/wp-content/uploads/2021/02/video_presentation_1deg.mp4&Prime; _builder_version= »4.14.2&Prime; _module_preset= »default » hover_enabled= »0&Prime; global_colors_info= »{} » admin_label= »PRESENTATION COLLEGE » sticky_enabled= »0&Prime;][/et_pb_video][/et_pb_column][et_pb_column type= »2_3&Prime; _builder_version= »3.25&Prime; custom_padding= »||| » global_colors_info= »{} » custom_padding__hover= »||| »][et_pb_text _builder_version= »4.14.2&Prime; text_font_size= »15&Prime; background_size= »initial » background_position= »top_left » background_repeat= »repeat » text_orientation= »justified » custom_margin= »0px||5px| » hover_enabled= »0&Prime; text_font_size_tablet= » » text_font_size_phone= »17&Prime; text_font_size_last_edited= »on|phone » text_line_height_tablet= » » text_line_height_phone= » » text_line_height_last_edited= »on|phone » border_style= »solid » global_colors_info= »{} » admin_label= »TEXTE » sticky_enabled= »0&Prime;]Notre Collège est un établissement à taille humaine et entend le rester. Il accueille des élèves d’origines culturelles diverses. Ceci permet tolérance, ouverture d’esprit, respect et abandon de « clichés » ou d’idées toutes faites.</p>
<p>Notre but est de permettre aux jeunes que nous inscrivons de se construire une personnalité ouverte, critique et humaniste afin qu’ils puissent, au terme de leur scolarité, faire des choix réfléchis et autonomes, être en mesure d’utiliser leur savoir avec souplesse lorsqu’ils sont confrontés à des situations nouvelles, être des citoyens responsables.</p>
<p>L&rsquo;ADN du Collège est explicité dans la charte rédigée par toutes les composantes éducatives (C.A., professeurs, élèves, éducateurs, parents, direction) et revue tous les deux ans.<br />
[/et_pb_text][/et_pb_column][/et_pb_row][et_pb_row column_structure= »1_3,2_3&Prime; _builder_version= »3.25&Prime; background_size= »initial » background_position= »top_left » background_repeat= »repeat » global_colors_info= »{} »][et_pb_column type= »1_3&Prime; _builder_version= »3.25&Prime; custom_padding= »||| » global_colors_info= »{} » custom_padding__hover= »||| »][et_pb_testimonial portrait_url= »http://www.sv-sf.be/SVXL/wp-content/uploads/2016/05/diaporama_illustration.jpg » quote_icon_color= »#004080&Prime; portrait_width= »180&Prime; portrait_height= »60&Prime; admin_label= »CONSEILS » _builder_version= »3.2&Prime; body_font_size= »15&Prime; background_color= »#ffffff » background_size= »initial » background_position= »top_left » background_repeat= »repeat » text_orientation= »justified » body_font_size_tablet= » » body_font_size_phone= »17&Prime; body_font_size_last_edited= »on|phone » use_border_color= »off » border_color= »#ffffff » border_style= »solid » portrait_border_radius= »0&Prime; global_colors_info= »{} »]</p>
<p style="text-align: justify;">Si vous souhaitez arrêter le défilement automatique du diaporama de la visite des lieux, il suffit de poser le pointeur de votre souris sur une photo quelconque. Pour passer en mode manuel cliquez sur une photo.</p>
<p style="text-align: justify;">Pour quitter le mode manuel, cliquez sur la croix située en haut à droite de la photo ou appuyez simplement sur la touche <span style="color: #ff0000;"><strong>ESC</strong></span> de votre clavier.</p>
<p>[/et_pb_testimonial][/et_pb_column][et_pb_column type= »2_3&Prime; _builder_version= »3.25&Prime; custom_padding= »||| » global_colors_info= »{} » custom_padding__hover= »||| »][et_pb_gallery gallery_ids= »228,227,230,216,217,226,234,236,235,231,232,233,224,225,221,222,223,218,219,220,237&Prime; fullwidth= »on » admin_label= »DIAPORAMA » _builder_version= »3.0.87&Prime; caption_all_caps= »off » auto= »on » auto_speed= »2500&Prime; use_border_color= »off » border_color= »#ffffff » border_style= »solid » global_colors_info= »{} »][/et_pb_gallery][/et_pb_column][/et_pb_row][/et_pb_section]</p>

<p>PRÉSENTATION Notre Collège est un établissement à taille humaine et entend le rester. Il accueille des élèves d’origines culturelles diverses. Ceci permet tolérance, ouverture d’esprit, respect et abandon de « clichés » ou d’idées toutes faites. Notre but est de permettre aux jeunes que nous inscrivons de se construire une personnalité ouverte, critique et humaniste afin qu’ils puissent, au terme de leur [&hellip;]</p>
