{"id":247,"date":"2016-05-08T22:31:34","date_gmt":"2016-05-08T20:31:34","guid":{"rendered":"http:\/\/www.sv-sf.be\/SFXL\/?page_id=247"},"modified":"2025-11-25T21:08:30","modified_gmt":"2025-11-25T20:08:30","slug":"association-des-parents-2","status":"publish","type":"page","link":"http:\/\/www.sv-sf.be\/SFXL\/?page_id=247","title":{"rendered":"ASSOCIATION DES PARENTS"},"content":{"rendered":"<p>[et_pb_section fb_built=\u00a0\u00bb1&Prime; custom_padding_last_edited=\u00a0\u00bbon|desktop\u00a0\u00bb admin_label=\u00a0\u00bbsection\u00a0\u00bb _builder_version=\u00a0\u00bb4.16&Prime; background_color=\u00a0\u00bb#004080&Prime; background_image=\u00a0\u00bbhttp:\/\/www.sv-sf.be\/SFXL\/wp-content\/uploads\/2016\/05\/fond_menu_vert.jpg\u00a0\u00bb custom_padding_tablet=\u00a0\u00bb50px|0|50px|0&Prime; custom_padding_phone=\u00a0\u00bb\u00a0\u00bb transparent_background=\u00a0\u00bboff\u00a0\u00bb padding_mobile=\u00a0\u00bboff\u00a0\u00bb global_colors_info=\u00a0\u00bb{}\u00a0\u00bb][et_pb_row padding_mobile=\u00a0\u00bboff\u00a0\u00bb column_padding_mobile=\u00a0\u00bbon\u00a0\u00bb admin_label=\u00a0\u00bbrow\u00a0\u00bb _builder_version=\u00a0\u00bb4.16&Prime; background_color=\u00a0\u00bbrgba(255,255,255,0)\u00a0\u00bb background_size=\u00a0\u00bbinitial\u00a0\u00bb background_position=\u00a0\u00bbtop_left\u00a0\u00bb background_repeat=\u00a0\u00bbrepeat\u00a0\u00bb global_colors_info=\u00a0\u00bb{}\u00a0\u00bb][et_pb_column type=\u00a0\u00bb4_4&Prime; _builder_version=\u00a0\u00bb4.16&Prime; background_color=\u00a0\u00bbrgba(255,255,255,0)\u00a0\u00bb custom_padding=\u00a0\u00bb|||\u00a0\u00bb global_colors_info=\u00a0\u00bb{}\u00a0\u00bb custom_padding__hover=\u00a0\u00bb|||\u00a0\u00bb][et_pb_text admin_label=\u00a0\u00bbASSOCIATION DES PARENTS\u00a0\u00bb _builder_version=\u00a0\u00bb4.16&Prime; text_font=\u00a0\u00bbCuprum|on|||\u00a0\u00bb text_text_color=\u00a0\u00bb#ffffff\u00a0\u00bb text_font_size=\u00a0\u00bb28&Prime; text_line_height=\u00a0\u00bb1.8em\u00a0\u00bb background_color=\u00a0\u00bbrgba(255,255,255,0)\u00a0\u00bb background_size=\u00a0\u00bbinitial\u00a0\u00bb background_position=\u00a0\u00bbtop_left\u00a0\u00bb background_repeat=\u00a0\u00bbrepeat\u00a0\u00bb text_orientation=\u00a0\u00bbcenter\u00a0\u00bb module_alignment=\u00a0\u00bbcenter\u00a0\u00bb custom_margin=\u00a0\u00bb0px||0px|\u00a0\u00bb custom_margin_last_edited=\u00a0\u00bboff|desktop\u00a0\u00bb custom_padding=\u00a0\u00bb0px||0px|\u00a0\u00bb text_font_size_tablet=\u00a0\u00bb\u00a0\u00bb text_font_size_phone=\u00a0\u00bb\u00a0\u00bb text_font_size_last_edited=\u00a0\u00bbon|phone\u00a0\u00bb use_border_color=\u00a0\u00bboff\u00a0\u00bb border_color=\u00a0\u00bb#000000&Prime; border_style=\u00a0\u00bbsolid\u00a0\u00bb global_colors_info=\u00a0\u00bb{}\u00a0\u00bb]<\/p>\n<p>\nASSOCIATION DES PARENTS<\/p>\n<p>[\/et_pb_text][\/et_pb_column][\/et_pb_row][\/et_pb_section][et_pb_section fb_built=\u00a0\u00bb1&Prime; custom_padding_last_edited=\u00a0\u00bbon|desktop\u00a0\u00bb _builder_version=\u00a0\u00bb4.16&Prime; background_color=\u00a0\u00bb#e5f7e5&Prime; custom_padding_tablet=\u00a0\u00bb50px|0|50px|0&Prime; custom_padding_phone=\u00a0\u00bb\u00a0\u00bb transparent_background=\u00a0\u00bboff\u00a0\u00bb padding_mobile=\u00a0\u00bboff\u00a0\u00bb global_colors_info=\u00a0\u00bb{}\u00a0\u00bb][et_pb_row column_structure=\u00a0\u00bb1_3,2_3&Prime; _builder_version=\u00a0\u00bb4.16&Prime; background_size=\u00a0\u00bbinitial\u00a0\u00bb background_position=\u00a0\u00bbtop_left\u00a0\u00bb background_repeat=\u00a0\u00bbrepeat\u00a0\u00bb global_colors_info=\u00a0\u00bb{}\u00a0\u00bb][et_pb_column type=\u00a0\u00bb1_3&Prime; _builder_version=\u00a0\u00bb4.16&Prime; custom_padding=\u00a0\u00bb|||\u00a0\u00bb global_colors_info=\u00a0\u00bb{}\u00a0\u00bb custom_padding__hover=\u00a0\u00bb|||\u00a0\u00bb][et_pb_image src=\u00a0\u00bbhttp:\/\/www.sv-sf.be\/SFXL\/wp-content\/uploads\/2022\/06\/ap-illustration.png\u00a0\u00bb title_text=\u00a0\u00bbap_illustration\u00a0\u00bb align=\u00a0\u00bbcenter\u00a0\u00bb src_tablet=\u00a0\u00bbhttp:\/\/www.sv-sf.be\/SFXL\/wp-content\/uploads\/2022\/06\/ap-illustration.png\u00a0\u00bb src_phone=\u00a0\u00bbhttp:\/\/www.sv-sf.be\/SFXL\/wp-content\/uploads\/2022\/06\/ap-illustration.png\u00a0\u00bb src_last_edited=\u00a0\u00bbon|desktop\u00a0\u00bb align_tablet=\u00a0\u00bbcenter\u00a0\u00bb align_phone=\u00a0\u00bb\u00a0\u00bb align_last_edited=\u00a0\u00bbon|desktop\u00a0\u00bb admin_label=\u00a0\u00bbPHOTO\u00a0\u00bb _builder_version=\u00a0\u00bb4.16&Prime; animation_style=\u00a0\u00bbslide\u00a0\u00bb animation_direction=\u00a0\u00bbleft\u00a0\u00bb animation_duration=\u00a0\u00bb500ms\u00a0\u00bb animation_intensity_slide=\u00a0\u00bb10%\u00a0\u00bb use_border_color=\u00a0\u00bboff\u00a0\u00bb border_color=\u00a0\u00bb#008000&Prime; border_style=\u00a0\u00bbsolid\u00a0\u00bb animation=\u00a0\u00bbleft\u00a0\u00bb sticky=\u00a0\u00bboff\u00a0\u00bb global_colors_info=\u00a0\u00bb{}\u00a0\u00bb src__hover_enabled=\u00a0\u00bbon|hover\u00a0\u00bb src__hover=\u00a0\u00bbhttp:\/\/www.sv-sf.be\/SFXL\/wp-content\/uploads\/2022\/06\/ap-illustration.png\u00a0\u00bb][\/et_pb_image][et_pb_testimonial quote_icon_color=\u00a0\u00bb#004080&Prime; portrait_width=\u00a0\u00bb128&Prime; portrait_height=\u00a0\u00bb128&Prime; disabled_on=\u00a0\u00bbon|on|on\u00a0\u00bb admin_label=\u00a0\u00bbREUNION AP\u00a0\u00bb _builder_version=\u00a0\u00bb4.27.4&Prime; body_font_size=\u00a0\u00bb15&Prime; background_color=\u00a0\u00bb#ffffff\u00a0\u00bb background_size=\u00a0\u00bbinitial\u00a0\u00bb background_position=\u00a0\u00bbtop_left\u00a0\u00bb background_repeat=\u00a0\u00bbrepeat\u00a0\u00bb text_orientation=\u00a0\u00bbjustified\u00a0\u00bb body_font_size_tablet=\u00a0\u00bb\u00a0\u00bb body_font_size_phone=\u00a0\u00bb\u00a0\u00bb body_font_size_last_edited=\u00a0\u00bbon|phone\u00a0\u00bb border_width_all=\u00a0\u00bb1&Prime; disabled=\u00a0\u00bbon\u00a0\u00bb locked=\u00a0\u00bboff\u00a0\u00bb global_colors_info=\u00a0\u00bb{}\u00a0\u00bb]<\/p>\n<h3 style=\"text-align: center;\"><span style=\"color: #008000;\"><strong>3e R\u00c9UNION A.P. DU 03\/02\/2025<br \/>\n<\/strong><\/span><\/h3>\n<p style=\"text-align: center;\"><a href=\"http:\/\/www.sv-sf.be\/SFXL\/wp-content\/uploads\/2025\/01\/Affiche 3e reunion AP SF du 03-02-2025.png\" target=\"_blank\" rel=\"noopener\"><img loading=\"lazy\" decoding=\"async\" class=\"alignnone wp-image-3388 size-full\" src=\"http:\/\/www.sv-sf.be\/SFXL\/wp-content\/uploads\/2025\/01\/Affiche 3e reunion AP SF du 03-02-2025.png\" alt=\"\" width=\"300\" height=\"445\" \/><\/a><\/p>\n<p style=\"text-align: center;\"><a href=\"http:\/\/www.sv-sf.be\/SFXL\/wp-content\/uploads\/2025\/01\/Affiche 3e reunion AP SF du 03-02-2025.pdf\" target=\"_blank\" rel=\"attachment noopener wp-att-2682 noreferrer\">3e R\u00e9union A.P. du 03\/02\/2025 [PDF]<\/a><\/p>\n<p>Derni\u00e8re mise \u00e0 jour : 23 janvier 2025<\/p>\n<div id=\"ConnectiveDocSignExtentionInstalled\" data-extension-version=\"1.0.4\"><\/div>\n<p>[\/et_pb_testimonial][\/et_pb_column][et_pb_column type=\u00a0\u00bb2_3&Prime; _builder_version=\u00a0\u00bb4.16&Prime; custom_padding=\u00a0\u00bb|||\u00a0\u00bb global_colors_info=\u00a0\u00bb{}\u00a0\u00bb custom_padding__hover=\u00a0\u00bb|||\u00a0\u00bb][et_pb_text admin_label=\u00a0\u00bbASSOCIATION DES PARENTS\u00a0\u00bb _builder_version=\u00a0\u00bb4.16&Prime; text_text_color=\u00a0\u00bb#000000&Prime; background_size=\u00a0\u00bbinitial\u00a0\u00bb background_position=\u00a0\u00bbtop_left\u00a0\u00bb background_repeat=\u00a0\u00bbrepeat\u00a0\u00bb text_orientation=\u00a0\u00bbjustified\u00a0\u00bb module_alignment=\u00a0\u00bbleft\u00a0\u00bb custom_margin=\u00a0\u00bb0px||20px|\u00a0\u00bb text_font_size_tablet=\u00a0\u00bb\u00a0\u00bb text_font_size_phone=\u00a0\u00bb17&Prime; text_font_size_last_edited=\u00a0\u00bbon|phone\u00a0\u00bb global_colors_info=\u00a0\u00bb{}\u00a0\u00bb]<\/p>\n<p><strong>ASSOCIATION DES PARENTS<\/strong><\/p>\n<p>L&rsquo;Association de Parents Saint Fran\u00e7ois participe activement \u00e0 la vie du Coll\u00e8ge, \u00e0 travers l&rsquo;organisation d&rsquo;activit\u00e9s et d&rsquo;\u00e9v\u00e8nements divers. Elle a \u00e9galement pour objectif de r\u00e9percuter les informations \u00e9manant des parents d&rsquo;\u00e9l\u00e8ves (via les d\u00e9l\u00e9gu\u00e9s) et d&rsquo;instaurer un dialogue permanent et fructueux avec la direction et le corps professoral.<\/p>\n<p>Entit\u00e9 dynamique et conviviale o\u00f9 la participation et l&rsquo;engagement de chacun est libre, l&rsquo;association se r\u00e9unit environ une fois par mois, sur le site de l&rsquo;\u00e9cole. Chaque parent est le bienvenu !<\/p>\n<p>L&rsquo;A.P. a besoin de vous: <a href=\"http:\/\/www.sv-sf.be\/SFXL\/wp-content\/uploads\/2016\/05\/Appel-dons-2017-APSF.pdf\" target=\"_blank\" rel=\"noopener noreferrer\">Appel dons 2017 APSF<\/a><\/p>\n<p>[\/et_pb_text][et_pb_text admin_label=\u00a0\u00bbLISTE PV\u00a0\u00bb _builder_version=\u00a0\u00bb4.27.4&Prime; text_text_color=\u00a0\u00bb#000000&Prime; background_size=\u00a0\u00bbinitial\u00a0\u00bb background_position=\u00a0\u00bbtop_left\u00a0\u00bb background_repeat=\u00a0\u00bbrepeat\u00a0\u00bb text_orientation=\u00a0\u00bbjustified\u00a0\u00bb custom_margin=\u00a0\u00bb0px||20px|\u00a0\u00bb hover_enabled=\u00a0\u00bb0&Prime; text_font_size_tablet=\u00a0\u00bb\u00a0\u00bb text_font_size_phone=\u00a0\u00bb17&Prime; text_font_size_last_edited=\u00a0\u00bbon|phone\u00a0\u00bb global_colors_info=\u00a0\u00bb{}\u00a0\u00bb sticky_enabled=\u00a0\u00bb0&Prime;]<\/p>\n<h3 style=\"text-align: left;\"><span style=\"color: red;\"><strong>P.V. \u00a0DES R\u00c9UNIONS DE L&rsquo;A.P.<\/strong><\/span><\/h3>\n<ul>\n<li style=\"list-style-type: none;\">\n<ul>\n<li>2017 : <a href=\"http:\/\/www.sv-sf.be\/SFXL\/wp-content\/uploads\/2016\/05\/PV-AP-1.2017.pdf\" target=\"_blank\" rel=\"noopener noreferrer\">PV AP 03\/11\/2017<\/a><\/li>\n<li>2017 : <a href=\"http:\/\/www.sv-sf.be\/SFXL\/wp-content\/uploads\/2018\/01\/PV-AP-16-11-2017.pdf\" target=\"_blank\" rel=\"noopener noreferrer\">PV AP 16\/11\/2017<\/a><\/li>\n<li>2018 : <a href=\"http:\/\/www.sv-sf.be\/SFXL\/wp-content\/uploads\/2018\/01\/PV-reunion-AP-22-01-2018.pdf\" target=\"_blank\" rel=\"noopener noreferrer\">PV R\u00c9UNION AP 23\/01\/2018<\/a><\/li>\n<li>2018 : <a href=\"http:\/\/www.sv-sf.be\/SFXL\/wp-content\/uploads\/2018\/05\/PV-reunion-AP-1er-MARS-2018.pdf\" target=\"_blank\" rel=\"noopener noreferrer\">PV R\u00c9UNION AP 01\/03\/2018<\/a><\/li>\n<li>2018 : <a href=\"http:\/\/www.sv-sf.be\/SFXL\/wp-content\/uploads\/2018\/11\/PV-REUNION-AP-02.10.18.pdf\" target=\"_blank\" rel=\"noopener noreferrer\">PV R\u00c9UNION AP 02\/10\/2018<\/a><\/li>\n<li>2018\u00a0 : <a href=\"http:\/\/www.sv-sf.be\/SFXL\/wp-content\/uploads\/2018\/11\/PV-AP-St-Francois-08-11-2018.pdf\" target=\"_blank\" rel=\"noopener noreferrer\">PV AP Saint Fran\u00e7ois 08\/11\/2018<\/a><\/li>\n<li>2019 : <a href=\"http:\/\/www.sv-sf.be\/SFXL\/wp-content\/uploads\/2019\/01\/PV-AP-St-Francois-2019.17.01.pdf\" target=\"_blank\" rel=\"attachment noopener wp-att-2031 noreferrer\">PV AP Saint Fran\u00e7ois 17\/01\/2019<\/a><\/li>\n<li>2019 : <a href=\"http:\/\/www.sv-sf.be\/SFXL\/wp-content\/uploads\/2019\/12\/PV_05_12_2019.pdf\" target=\"_blank\" rel=\"attachment noopener wp-att-2595 noreferrer\">PV AP 21\/11\/2019<\/a><\/li>\n<li>2022 : <a href=\"http:\/\/www.sv-sf.be\/SFXL\/wp-content\/uploads\/2022\/10\/PV_AP_04_10_2022.pdf\" target=\"_blank\" rel=\"attachment noopener wp-att-2595 noreferrer\">PV AP 04\/10\/2022<\/a><\/li>\n<li>2023 : <a href=\"http:\/\/www.sv-sf.be\/SFXL\/wp-content\/uploads\/2023\/01\/PV_AP_31_01_2023.pdf\" target=\"_blank\" rel=\"attachment noopener wp-att-2595 noreferrer\">PV AP 31\/01\/2023<\/a><\/li>\n<li>2023 : <a href=\"http:\/\/www.sv-sf.be\/SFXL\/wp-content\/uploads\/2016\/05\/pv_ap_2023-10-03.pdf\" target=\"_blank\" rel=\"attachment noopener wp-att-2595 noreferrer\">PV AP 03\/10\/2023<\/a><\/li>\n<li>2024 : <a href=\"http:\/\/www.sv-sf.be\/SFXL\/wp-content\/uploads\/2024\/12\/pv_ap_2024-11-28.pdf\" target=\"_blank\" rel=\"attachment noopener wp-att-2595 noreferrer\">PV AP 28\/11\/2024<\/a><\/li>\n<li>2025 : <a href=\"http:\/\/www.sv-sf.be\/SFXL\/wp-content\/uploads\/2025\/01\/pv_ap_2025-01-13.pdf\" target=\"_blank\" rel=\"attachment noopener wp-att-2595 noreferrer\">PV AP 13\/01\/2025<\/a><\/li>\n<li>2025 : <a href=\"http:\/\/www.sv-sf.be\/SFXL\/wp-content\/uploads\/2025\/02\/pv_ap_2025-02-03.pdf\" target=\"_blank\" rel=\"attachment noopener wp-att-2595 noreferrer\">PV AP 03\/02\/2025<\/a><\/li>\n<li>2025 : <a href=\"http:\/\/www.sv-sf.be\/SFXL\/wp-content\/uploads\/2025\/04\/pv_ap_2025-04-07.pdf\" target=\"_blank\" rel=\"attachment noopener wp-att-2595 noreferrer\">PV AP 07\/04\/2025<\/a><\/li>\n<li>2025 : <a href=\"http:\/\/www.sv-sf.be\/SFXL\/wp-content\/uploads\/2025\/05\/pv_ap_2025-05-19.pdf\" target=\"_blank\" rel=\"attachment noopener wp-att-2595 noreferrer\">PV AP 19\/05\/2025<\/a><\/li>\n<li>2025 : <a href=\"http:\/\/www.sv-sf.be\/SFXL\/wp-content\/uploads\/2025\/11\/PV-AP-21-11-2025.pdf\" target=\"_blank\" rel=\"attachment noopener wp-att-2595 noreferrer\">PV AP 21\/11\/2025<\/a><\/li>\n<\/ul>\n<h3 style=\"text-align: left;\"><span style=\"color: red;\"><strong>P.V. \u00a0CONSEIL DE PARTICIPATION<\/strong><\/span><\/h3>\n<ul>\n<li>2023 : <a href=\"http:\/\/www.sv-sf.be\/SFXL\/wp-content\/uploads\/2024\/04\/PV-conseil-participation_12-06-2023.pdf\" target=\"_blank\" rel=\"noopener noreferrer\">PV CONSEIL DE PARTICIPATION 12\/06\/2023<\/a><\/li>\n<li>2023 : <a href=\"http:\/\/www.sv-sf.be\/SFXL\/wp-content\/uploads\/2024\/04\/PV-conseil-participation_21-11-2023.pdf\" target=\"_blank\" rel=\"noopener noreferrer\">PV CONSEIL DE PARTICIPATION 21\/11\/2023<\/a><\/li>\n<\/ul>\n<div id=\"ConnectiveDocSignExtentionInstalled\" data-extension-version=\"1.0.4\">\u00a0<\/div>\n<\/li>\n<\/ul>\n<p>[\/et_pb_text][et_pb_text admin_label=\u00a0\u00bbPAGE FACEBOOK\u00a0\u00bb _builder_version=\u00a0\u00bb4.16&Prime; text_text_color=\u00a0\u00bb#000000&Prime; background_size=\u00a0\u00bbinitial\u00a0\u00bb background_position=\u00a0\u00bbtop_left\u00a0\u00bb background_repeat=\u00a0\u00bbrepeat\u00a0\u00bb text_orientation=\u00a0\u00bbjustified\u00a0\u00bb module_alignment=\u00a0\u00bbleft\u00a0\u00bb custom_margin=\u00a0\u00bb0px||20px|\u00a0\u00bb text_font_size_tablet=\u00a0\u00bb\u00a0\u00bb text_font_size_phone=\u00a0\u00bb17&Prime; text_font_size_last_edited=\u00a0\u00bbon|phone\u00a0\u00bb use_border_color=\u00a0\u00bboff\u00a0\u00bb border_color=\u00a0\u00bb#ffffff\u00a0\u00bb border_style=\u00a0\u00bbsolid\u00a0\u00bb global_colors_info=\u00a0\u00bb{}\u00a0\u00bb]<\/p>\n<p>Une page <strong>Facebook<\/strong> a \u00e9t\u00e9 cr\u00e9\u00e9e pour l&rsquo;association des parents.<\/p>\n<p>[\/et_pb_text][et_pb_social_media_follow follow_button=\u00a0\u00bbon\u00a0\u00bb admin_label=\u00a0\u00bbFACEBOOK\u00a0\u00bb _builder_version=\u00a0\u00bb4.16&Prime; global_colors_info=\u00a0\u00bb{}\u00a0\u00bb][et_pb_social_media_follow_network social_network=\u00a0\u00bbfacebook\u00a0\u00bb url=\u00a0\u00bbhttps:\/\/www.facebook.com\/Association-des-Parents-du-Coll\u00e8ge-Saint-Fran\u00e7ois-dIxelles-483962658430405\/?ref=hl\u00a0\u00bb _builder_version=\u00a0\u00bb4.16&Prime; background_color=\u00a0\u00bb#3b5998&Prime; bg_color=\u00a0\u00bb#3b5998&Prime; global_colors_info=\u00a0\u00bb{}\u00a0\u00bb follow_button=\u00a0\u00bbon\u00a0\u00bb url_new_window=\u00a0\u00bbon\u00a0\u00bb] Facebook [\/et_pb_social_media_follow_network][\/et_pb_social_media_follow][et_pb_text admin_label=\u00a0\u00bbLISTE DES ACTIVITES\u00a0\u00bb _builder_version=\u00a0\u00bb4.16&Prime; text_text_color=\u00a0\u00bb#000000&Prime; text_font_size=\u00a0\u00bb15&Prime; background_size=\u00a0\u00bbinitial\u00a0\u00bb background_position=\u00a0\u00bbtop_left\u00a0\u00bb background_repeat=\u00a0\u00bbrepeat\u00a0\u00bb text_orientation=\u00a0\u00bbjustified\u00a0\u00bb module_alignment=\u00a0\u00bbjustified\u00a0\u00bb custom_margin=\u00a0\u00bb0px||20px|\u00a0\u00bb text_font_size_tablet=\u00a0\u00bb\u00a0\u00bb text_font_size_phone=\u00a0\u00bb17&Prime; text_font_size_last_edited=\u00a0\u00bbon|phone\u00a0\u00bb use_border_color=\u00a0\u00bboff\u00a0\u00bb border_color=\u00a0\u00bb#ffffff\u00a0\u00bb border_style=\u00a0\u00bbsolid\u00a0\u00bb global_colors_info=\u00a0\u00bb{}\u00a0\u00bb]<\/p>\n<p>\nL\u2019APSF a d\u00e9j\u00e0 men\u00e9 \u00e0 bien les activit\u00e9s suivantes :<\/p>\n<p><strong>ANN\u00c9E 2012-2013<\/strong><\/p>\n<ul>\n<li>Organisation du concours de nouvelles sur le th\u00e8me de l\u2019Eau.<\/li>\n<li>\u00c9dition du recueil \u00ab\u00a0Eaux buissonni\u00e8res\u00a0\u00bb avec les nouvelles prim\u00e9es.<\/li>\n<li>Collaboration active \u00e0 la Journ\u00e9e de l\u2019Eau (22 mars).<\/li>\n<li>Aide \u00e0 la mise en sc\u00e8ne d&rsquo;un spectacle litt\u00e9raire \u00ab\u00a0Pour chanter sur les eaux\u00a0\u00bb.<\/li>\n<li>Soutien pour l&rsquo;achat d&rsquo;une fontaine d&rsquo;eau potable.<\/li>\n<li>Participation au Journal de l&rsquo;\u00e9cole et au Comit\u00e9 d&rsquo;\u00e9co-gestion.<\/li>\n<li>Enqu\u00eate aupr\u00e8s des \u00e9l\u00e8ves sur l&rsquo;usage de la biblioth\u00e8que.<\/li>\n<li>Embellissement de la biblioth\u00e8que.<\/li>\n<\/ul>\n<p><strong>ANN\u00c9E 2011-2012<\/strong><\/p>\n<ul>\n<li>Embellissement du r\u00e9fectoire<\/li>\n<li>Soutien au lancement du journal de l&rsquo;\u00e9cole: l&rsquo;EJ. Express (4 num\u00e9ros par an)<\/li>\n<li>Pr\u00e9paration d&rsquo;un grand spectacle jou\u00e9 par les \u00e9l\u00e8ves autour du th\u00e8me des droits humains.<\/li>\n<\/ul>\n<p><strong>ANN\u00c9E 2010-2011<\/strong><\/p>\n<ul>\n<li>Travaux d&rsquo;isolation dans une classe.<\/li>\n<li>R\u00e9alisation d\u2019un sondage aupr\u00e8s des \u00e9l\u00e8ves pour recueillir leurs id\u00e9es et suggestions afin de dynamiser et d\u2019am\u00e9liorer leur vie au sein l\u2019\u00e9cole.<\/li>\n<li>Spectacle litt\u00e9raire et musical<\/li>\n<\/ul>\n<p><strong>ANN\u00c9E 2009-2010<\/strong><\/p>\n<ul>\n<li>Organisation, sur l\u2019initiative et avec l\u2019aide d\u2019un professeur de fran\u00e7ais et d\u2019un professeur de latin, d\u2019un concours de nouvelles, pour f\u00eater les 100 ans du site de l\u2019Enfant-J\u00e9sus (maintenant Saint Fran\u00e7ois). Ce concours \u00e9tait parrain\u00e9 par Henri Vernes, il\u00a0 a r\u00e9uni un jury de choix pour \u00e9lire les meilleures cr\u00e9ations (Marinette de Cloedt, \u00e9chevin de l\u2019Instruction Publique de la Commune d\u2019Ixelles ; Jean-Paul Raemdonck, \u00e9crivain ; M\u00e9lanie Morue, biblioth\u00e9caire \u00e0 la biblioth\u00e8que d\u2019Ixelles ; M.Mar\u00e9chal, directeur du Centre scolaire St Vincent St Fran\u00e7ois ; M. Lebrun, sous-directeur ; M. Chaussier, professeur de latin ; M. Jadin, professeur de fran\u00e7ais). Une soir\u00e9e festive a eu lieu pour remettre les prix aux laur\u00e9ats. Des extraits des nouvelles prim\u00e9es furent lus par d\u2019anciens \u00e9l\u00e8ves de l\u2019\u00e9cole.\u00a0 Un recueil a \u00e9t\u00e9 \u00e9dit\u00e9 avec les 12 nouvelles prim\u00e9es.<\/li>\n<li>Organisation d\u2019une brocante en juin avec M. Hiroux, professeur de latin.<\/li>\n<\/ul>\n<p>[\/et_pb_text][\/et_pb_column][\/et_pb_row][\/et_pb_section]<\/p>\n","protected":false},"excerpt":{"rendered":"<p>ASSOCIATION DES PARENTS 3e R\u00c9UNION A.P. DU 03\/02\/2025 3e R\u00e9union A.P. du 03\/02\/2025 [PDF] Derni\u00e8re mise \u00e0 jour : 23 janvier 2025 ASSOCIATION DES PARENTS L&rsquo;Association de Parents Saint Fran\u00e7ois participe activement \u00e0 la vie du Coll\u00e8ge, \u00e0 travers l&rsquo;organisation d&rsquo;activit\u00e9s et d&rsquo;\u00e9v\u00e8nements divers. Elle a \u00e9galement pour objectif de r\u00e9percuter les informations \u00e9manant des [&hellip;]<\/p>\n","protected":false},"author":1,"featured_media":0,"parent":0,"menu_order":0,"comment_status":"closed","ping_status":"closed","template":"","meta":{"_et_pb_use_builder":"on","_et_pb_old_content":"","_et_gb_content_width":"","footnotes":""},"class_list":["post-247","page","type-page","status-publish","hentry"],"_links":{"self":[{"href":"http:\/\/www.sv-sf.be\/SFXL\/index.php?rest_route=\/wp\/v2\/pages\/247","targetHints":{"allow":["GET"]}}],"collection":[{"href":"http:\/\/www.sv-sf.be\/SFXL\/index.php?rest_route=\/wp\/v2\/pages"}],"about":[{"href":"http:\/\/www.sv-sf.be\/SFXL\/index.php?rest_route=\/wp\/v2\/types\/page"}],"author":[{"embeddable":true,"href":"http:\/\/www.sv-sf.be\/SFXL\/index.php?rest_route=\/wp\/v2\/users\/1"}],"replies":[{"embeddable":true,"href":"http:\/\/www.sv-sf.be\/SFXL\/index.php?rest_route=%2Fwp%2Fv2%2Fcomments&post=247"}],"version-history":[{"count":25,"href":"http:\/\/www.sv-sf.be\/SFXL\/index.php?rest_route=\/wp\/v2\/pages\/247\/revisions"}],"predecessor-version":[{"id":4322,"href":"http:\/\/www.sv-sf.be\/SFXL\/index.php?rest_route=\/wp\/v2\/pages\/247\/revisions\/4322"}],"wp:attachment":[{"href":"http:\/\/www.sv-sf.be\/SFXL\/index.php?rest_route=%2Fwp%2Fv2%2Fmedia&parent=247"}],"curies":[{"name":"wp","href":"https:\/\/api.w.org\/{rel}","templated":true}]}}