{"id":26613,"date":"2020-04-03T15:17:07","date_gmt":"2020-04-03T13:17:07","guid":{"rendered":"http:\/\/www.sv-sf.be\/SVXL\/?page_id=26613"},"modified":"2020-04-14T15:42:37","modified_gmt":"2020-04-14T13:42:37","slug":"politique-de-confidentialite","status":"publish","type":"page","link":"https:\/\/www.sv-sf.be\/SVXL\/?page_id=26613","title":{"rendered":"POLITIQUE DE CONFIDENTIALIT\u00c9"},"content":{"rendered":"<p><strong>D\u00e9claration de protection de la vie priv\u00e9e \u00e0 l\u2019\u00e9gard des donn\u00e9es personnelles<\/strong><\/p>\n<p>Cette information s\u2019adresse aux parents ou responsables l\u00e9gaux des enfants mineurs mais \u00e9galement aux \u00e9l\u00e8ves majeurs et \u00e0 leurs parents, dans la mesure o\u00f9 malgr\u00e9 la majorit\u00e9 de l\u2019enfant, l\u2019\u00e9cole continue, sauf d\u00e9cision contraire de l\u2019\u00e9l\u00e8ve, de consid\u00e9rer les parents comme des interlocuteurs essentiels \u00e0 la scolarit\u00e9 de leur enfant.<\/p>\n<ul>\n<li><strong>\u00c9tablissement<\/strong> : Coll\u00e8ge Saint Vincent &#8211; Saint Fran\u00e7ois<\/li>\n<li><strong>Nom du repr\u00e9sentant<\/strong> : Monsieur Vincent Mar\u00e9chal<\/li>\n<li><strong>D\u00e9l\u00e9gu\u00e9 \u00e0 la protection des donn\u00e9es<\/strong> ou DPO pour Data Protection Officer : dpo@sv-sf.be<\/li>\n<\/ul>\n<p>Le <strong>Coll\u00e8ge Saint Vincent &#8211; Saint Fran\u00e7ois<\/strong> s\u2019engage \u00e0 respecter la l\u00e9gislation en mati\u00e8re de vie priv\u00e9e et de protection des donn\u00e9es en conformit\u00e9 avec toutes les lois applicables en Belgique en ce compris le <strong>RGPD<\/strong> ou R\u00e8glement G\u00e9n\u00e9ral sur la Protection des Donn\u00e9es (EU) 2016\/679 d\u00e9nomm\u00e9es \u00ab Lois de Protection des Donn\u00e9es \u00bb. Les textes l\u00e9gaux peuvent \u00eatre consult\u00e9s sur le site de la Commission de la vie priv\u00e9e \u00e0 l\u2019adresse suivante\u00a0: <a href=\"http:\/\/www.privacy.fgoc.be\">http:\/\/www.privacy.fgoc.be<\/a><\/p>\n<ol>\n<li><strong>Pourquoi une d\u00e9claration de protection de la vie priv\u00e9e\u00a0?<\/strong><\/li>\n<\/ol>\n<p>Afin de pouvoir remplir nos missions d\u2019enseignement, l\u2019inscription d\u2019un \u00e9l\u00e8ve dans notre \u00e9tablissement nous am\u00e8ne \u00e0 traiter, une s\u00e9rie de donn\u00e9es que vous nous aurez fournies ou qui nous seront communiqu\u00e9es dans le cadre du cursus scolaire. L\u2019int\u00e9gration de nouvelles technologies dans ce cursus \u00e9ducatif (interface virtuelle entre parents et professeurs, e-learning, etc.) engendre \u00e9galement une multiplication des op\u00e9rations de traitement de nouvelles donn\u00e9es pour de nouvelles finalit\u00e9s et impliquent souvent de nouveaux acteurs.<\/p>\n<p>Cette d\u00e9claration de respect de la vie priv\u00e9e d\u00e9crit la mani\u00e8re dont nous g\u00e9rons les donn\u00e9es personnelles que nous collectons via divers moyens tels que par exemple, \u00e0 partir de formulaires, d\u2019appels t\u00e9l\u00e9phoniques, courriels et autres communications avec vous.<\/p>\n<ol start=\"2\">\n<li><strong>Que signifie traitement des donn\u00e9es personnelles ?<\/strong><\/li>\n<\/ol>\n<p>Une donn\u00e9e \u00e0 caract\u00e8re personnel est toute information permettant directement ou indirectement d\u2019identifier une personne telle qu\u2019un nom, un num\u00e9ro d\u2019identification, des donn\u00e9es de localisation, un identifiant en ligne, ou via plusieurs \u00e9l\u00e9ments sp\u00e9cifiques propres \u00e0 l\u2019identit\u00e9 physique, physiologique, g\u00e9n\u00e9tique, psychique, \u00e9conomique, culturelle ou sociale.<\/p>\n<p>Le traitement des donn\u00e9es se d\u00e9finit comme toute op\u00e9ration ou tout ensemble d\u2019op\u00e9rations effectu\u00e9es ou non \u00e0 l\u2019aide de proc\u00e9d\u00e9s automatis\u00e9s telles que la collecte, l\u2019enregistrement, la conservation, l\u2019adaptation ou la modification, la consultation, l\u2019utilisation, la communication par transmission, la diffusion, effacement, etc.<\/p>\n<ol start=\"3\">\n<li><strong>Qui traite vos donn\u00e9es ?<\/strong><\/li>\n<\/ol>\n<p>Les donn\u00e9es personnelles ne sont accessibles et trait\u00e9es que par les membres du personnel de notre \u00e9tablissement. Elles sont sensibilis\u00e9es \u00e0 la confidentialit\u00e9 de ces donn\u00e9es, \u00e0 une utilisation l\u00e9gitime et pr\u00e9cise ainsi qu\u2019\u00e0 la s\u00e9curit\u00e9 de ces donn\u00e9es.<\/p>\n<ol start=\"4\">\n<li><strong>Engagement de l\u2019\u00e9tablissement<\/strong><\/li>\n<\/ol>\n<p>La protection de votre vie priv\u00e9e et de celle de votre enfant est, pour nous, d\u2019une importance capitale.<\/p>\n<p>Nous traitons vos donn\u00e9es en conformit\u00e9 avec toutes les lois applicables concernant la protection des donn\u00e9es et de la vie priv\u00e9e, en ce compris le <strong>RGPD<\/strong> ou <strong>R\u00e8glement G\u00e9n\u00e9ral sur la Protection des Donn\u00e9es<\/strong> (EU) 2016\/679.<\/p>\n<p>En inscrivant votre enfant dans notre \u00e9tablissement ou en vous y inscrivant comme \u00e9l\u00e8ve majeur, en acc\u00e9dant et en utilisant le site internet du coll\u00e8ge, en s\u2019enregistrant \u00e0 un \u00e9v\u00e8nement scolaire, ou en fournissant d\u2019une quelconque autre mani\u00e8re vos donn\u00e9es, vous reconnaissez et acceptez les termes de la pr\u00e9sente d\u00e9claration de respect de la vie priv\u00e9e, ainsi que les traitements et les transferts de donn\u00e9es personnelles conform\u00e9ment \u00e0 cette d\u00e9claration de respect de la vie priv\u00e9e.<\/p>\n<p>Le traitement sera licite, loyal et l\u00e9gitime. Nous vous expliquons ci-dessous comment nous collectons, utilisons et conservons vos donn\u00e9es et quels sont vos droits.<\/p>\n<ol start=\"5\">\n<li><strong>Les donn\u00e9es personnelles que nous collectons<\/strong><\/li>\n<\/ol>\n<p>Les donn\u00e9es sont collect\u00e9es pour des finalit\u00e9s d\u00e9termin\u00e9es et l\u00e9gitimes. De mani\u00e8re g\u00e9n\u00e9rale, nous utilisons ces donn\u00e9es\u00a0:<\/p>\n<ul>\n<li>Soit sur base de votre consentement.\u00a0<\/li>\n<li>Soit parce que cela est n\u00e9cessaire \u00e0 l\u2019ex\u00e9cution de la mission d\u2019enseignement et du contrat de confiance pass\u00e9 entre notre \u00e9tablissement scolaire, les parents, l\u2019\u00e9l\u00e8ve, en vue de la scolarit\u00e9 ou formation de ce dernier.<\/li>\n<li>Soit en vertu d\u2019une obligation l\u00e9gale.<\/li>\n<li>Soit parce que le traitement est n\u00e9cessaire \u00e0 la sauvegarde des int\u00e9r\u00eats vitaux de la personne concern\u00e9e ou d\u2019une autre personne physique.<\/li>\n<li>Soit parce que le traitement est n\u00e9cessaire \u00e0 l\u2019ex\u00e9cution d\u2019une mission d\u2019int\u00e9r\u00eat public ou relevant de l\u2019exercice de l\u2019autorit\u00e9 publique dont est investi le responsable du traitement.<\/li>\n<li><strong>Identification g\u00e9n\u00e9rale et informations de contact<\/strong><\/li>\n<\/ul>\n<p>Coordonn\u00e9es des parents et de l\u2019\u00e9l\u00e8ve : noms, adresse, e-mail, t\u00e9l\u00e9phone, genre, \u00e9tat matrimonial des parents, date et lieu de naissance de l\u2019\u00e9l\u00e8ve, parcours \u00e9ducationnel et formation de l\u2019\u00e9l\u00e8ve, professions des parents, composition et situation de famille, dossiers scolaires et photographie.<\/p>\n<p>Le droit \u00e0 l\u2019image fait l\u2019objet d\u2019un consentement de votre part. Il sera sollicit\u00e9 au moment de votre inscription dans notre \u00e9tablissement.<\/p>\n<ul>\n<li><strong>Num\u00e9ros d\u2019identification \u00e9mis par les autorit\u00e9s gouvernementales<\/strong><\/li>\n<\/ul>\n<p>Num\u00e9ro de passeport ou de la carte d\u2019identit\u00e9, registre national, etc.<\/p>\n<ul>\n<li><strong>Information financi\u00e8res <\/strong><\/li>\n<\/ul>\n<p>Num\u00e9ro de compte de bancaire et autre information financi\u00e8re (attestation <strong>CPAS<\/strong>, bourse d\u2019\u00e9tude, etc.).<\/p>\n<ul>\n<li><strong>Informations nous permettant d\u2019exercer nos missions d\u2019enseignement ou li\u00e9es \u00e0 notre projet p\u00e9dagogique ou d\u2019\u00e9tablissement<\/strong><\/li>\n<\/ul>\n<p>Donn\u00e9es transmises dans le cadre de l\u2019organisation d\u2019activit\u00e9s scolaires de mani\u00e8re g\u00e9n\u00e9rale, de voyages ext\u00e9rieurs, d\u2019activit\u00e9s culturelles ou sportives dans le cadre des cours ou toute autre participation ou int\u00e9r\u00eat dans une organisation scolaire; assurance(s) que vous auriez souscrite(s), souscription aux services offerts par l\u2019\u00e9cole.<\/p>\n<ul>\n<li><strong>Informations m\u00e9dicales pouvant avoir une incidence sur la scolarit\u00e9 de l\u2019\u00e9l\u00e8ve lui-m\u00eame ou sur l\u2019organisation de l\u2019\u00e9tablissement scolaire<\/strong><\/li>\n<\/ul>\n<p>Protocole relatif aux besoins sp\u00e9cifiques de l\u2019\u00e9l\u00e8ve, mesures m\u00e9dicales d\u2019urgence en cas de pathologie chronique, protocole relatif aux am\u00e9nagements raisonnables, donn\u00e9es de sant\u00e9 de base, etc. Au moment de l\u2019inscription de votre enfant dans notre \u00e9tablissement, ces donn\u00e9es sont r\u00e9colt\u00e9es \u00e0 l\u2019aide d\u2019une fiche de sant\u00e9. Votre consentement est au m\u00eame moment sollicit\u00e9 pour la r\u00e9colte et le traitement de ces donn\u00e9es.<\/p>\n<p>Il est essentiel que toutes ces donn\u00e9es soient \u00e0 jour. Pour ce faire, vous vous engagez \u00e0 nous communiquer toute modification utile.<\/p>\n<ol start=\"6\">\n<li><strong>Finalit\u00e9s que nous poursuivons<\/strong><\/li>\n<\/ol>\n<p>Les finalit\u00e9s peuvent \u00eatre classifi\u00e9es en deux cat\u00e9gories.<\/p>\n<ul>\n<li><strong>Gestion administrative\u00a0: <\/strong>en vertu des dispositions l\u00e9gales, nous devons dans le cadre du subventionnement de notre \u00e9tablissement mais \u00e9galement dans le cadre du financement de la Communaut\u00e9 fran\u00e7aise, communiquer certaines donn\u00e9es personnelles de nos \u00e9l\u00e8ves et de leurs parents \u00e0 la <strong>F\u00e9d\u00e9ration Wallonie-Bruxelles<\/strong> ou <strong>FWB<\/strong>. Ce transfert se fait \u00e0 l\u2019aide d\u2019une interface informatique s\u00e9curis\u00e9e. Nous devons \u00e9galement transf\u00e9rer \u00e0 la <strong>FWB<\/strong> certaines donn\u00e9es dans le cadre du contr\u00f4le de l\u2019obligation scolaire.<\/li>\n<li><strong>Gestion p\u00e9dagogique et missions de l\u2019enseignement : <\/strong>la gestion de la scolarit\u00e9 de votre enfant nous am\u00e8ne \u00e0 devoir g\u00e9rer en interne des informations scolaires, voire communiquer certaines des donn\u00e9es personnelles \u00e0 des tiers et par exemple les communiquer \u00e0 d\u2019autres \u00e9coles en cas de changement d\u2019\u00e9tablissement. Il s\u2019agit souvent des coordonn\u00e9es de base, \u00e0 savoir nom, pr\u00e9nom et coordonn\u00e9es de contact.<\/li>\n<\/ul>\n<p>Dans ce m\u00eame souci, les coordonn\u00e9es de votre enfant et les v\u00f4tres seront transmises aux centres <strong>Psycho-M\u00e9dico-Sociaux<\/strong> (<strong>PMS<\/strong>) ainsi qu&rsquo;au service de <strong>Promotion de la Sant\u00e9 \u00e0 l&rsquo;Ecole<\/strong> (<strong>PSE<\/strong>) avec qui nous sommes conventionn\u00e9s. Vos coordonn\u00e9es seront \u00e9galement transmises \u00e0 l\u2019<strong>Association des Parents<\/strong> (<strong>AP<\/strong>).<\/p>\n<p>Nous utiliserons ainsi vos donn\u00e9es pour vous contacter en lien avec la scolarit\u00e9 de votre enfant et pour traiter avec vous les diff\u00e9rents aspects de la vie scolaire de votre enfant (courrier, facture, assurances, etc.).<\/p>\n<p>Le transfert de donn\u00e9es \u00e0 des tiers se fait \u00e0 des fins non commerciales et strictement limit\u00e9 au bon suivi de la scolarit\u00e9 de votre enfant (exemple location de livres, lieu de stages, excursions, informations sur l\u2019enseignement sup\u00e9rieur, etc.).<\/p>\n<p>Nous conservons en outre les donn\u00e9es de votre enfant au terme de sa scolarit\u00e9 dans le cadre de notre association d\u2019anciens.<\/p>\n<p>La fiche de sant\u00e9 de l\u2019\u00e9l\u00e8ve ne contient que des informations de base utiles au suivi de votre enfant. La fiche sera conserv\u00e9e et trait\u00e9e en toute confidentialit\u00e9.<\/p>\n<ol start=\"7\">\n<li><strong>Base l\u00e9gale de traitement des donn\u00e9es personnelles<\/strong><\/li>\n<\/ol>\n<p>L\u2019int\u00e9r\u00eat l\u00e9gitime poursuivi par notre \u00e9tablissement est bien entendu sa mission d\u2019enseignement.<\/p>\n<p>La collecte de la majorit\u00e9 des donn\u00e9es est n\u00e9cessaire pour des raisons l\u00e9gales ou contractuelles. Pour toute donn\u00e9e non li\u00e9e \u00e0 une obligation l\u00e9gale ou contractuelle, vous avez le droit de retirer votre consentement \u00e0 tout moment (sans que cela ne compromette la lic\u00e9it\u00e9 du traitement fond\u00e9e sur le consentement effectu\u00e9 avant ce retrait).<\/p>\n<p>Si nous \u00e9tions amen\u00e9s \u00e0 traiter les donn\u00e9es personnelles pour d\u2019autres finalit\u00e9s que celles \u00e9tablies dans le pr\u00e9sent article, nous vous donnerons des informations sur cette nouvelle finalit\u00e9 ainsi que sur ce nouveau traitement.<\/p>\n<ol start=\"8\">\n<li><strong>Utilisation de cam\u00e9ras<\/strong><\/li>\n<\/ol>\n<p>Des cam\u00e9ras de surveillance sont plac\u00e9es dans la cour, dans les couloirs et dans les cages d\u2019escaliers du <strong>Coll\u00e8ge Saint Vincent &#8211; Saint Fran\u00e7ois<\/strong>.<\/p>\n<p>La surveillance par cam\u00e9ras a pour seule finalit\u00e9 de pr\u00e9venir et d\u00e9tecter toute atteinte aux personnes et aux biens. Le but recherch\u00e9 est donc la s\u00e9curit\u00e9 des personnes et des biens. Seul le responsable du traitement des donn\u00e9es (D\u00e9l\u00e9gu\u00e9 \u00e0 la protection des donn\u00e9es <strong>DPD<\/strong> ou <strong>DPO<\/strong> pour Data Protection Officer), le Pouvoir Organisateur ou son mandataire, ont acc\u00e8s \u00e0 ces images.<\/p>\n<p>Les images sont enregistr\u00e9es et sont conserv\u00e9es durant 30 jours.<\/p>\n<p>Ces images pourront \u00eatre utilis\u00e9es pour identifier et sanctionner les personnes qui seraient film\u00e9s en situation de contravention avec le r\u00e8glement d\u2019ordre int\u00e9rieur de notre \u00e9tablissement.\u00a0<\/p>\n<ol start=\"9\">\n<li><strong>DROITS \u00e0 l\u2019image<\/strong><\/li>\n<\/ol>\n<p>Le <strong>Coll\u00e8ge Saint Vincent &#8211; Saint Fran\u00e7ois<\/strong> sera amen\u00e9 \u00e0 r\u00e9aliser divers projets dans le cadre du projet d\u2019\u00e9tablissement et du projet p\u00e9dagogique du coll\u00e8ge. Ces activit\u00e9s sont susceptibles d\u2019\u00eatre illustr\u00e9es par quelques photos prises en situation de classe, lors de la r\u00e9alisation d\u2019un projet, en situation d\u2019apprentissage, etc.<\/p>\n<p>Les quelques photos prises \u00e0 cette occasion seront visibles (dans les classes, dans les couloirs, dans le hall d&rsquo;entr\u00e9e du coll\u00e8ge ou sur le site internet du coll\u00e8ge).<\/p>\n<p>Il est important de souligner que le <strong>Coll\u00e8ge Saint Vincent &#8211; Saint Fran\u00e7ois<\/strong> est particuli\u00e8rement attentif au respect de la personne de chaque \u00e9tudiant au travers de la diffusion de son image. Enfin, il faut pr\u00e9ciser que notre projet \u00e9chappe \u00e0 tout int\u00e9r\u00eat commercial et n\u2019est li\u00e9 \u00e0 aucun apport de type publicitaire.<\/p>\n<ol start=\"10\">\n<li><strong>QUELS SONT VOS DROITS ?<\/strong><\/li>\n<\/ol>\n<p>Vous disposez de droits par rapport aux donn\u00e9es que nous avons r\u00e9colt\u00e9es \u00e0 votre sujet et au sujet de votre enfant. Il s\u2019agit des droits suivants, et ce, dans les limites mentionn\u00e9es dans la r\u00e9glementation et en fonction des finalit\u00e9s justifiant le traitement\u00a0:<\/p>\n<ul>\n<li>Droit d\u2019information<\/li>\n<li>Droit d\u2019acc\u00e8s aux donn\u00e9es<\/li>\n<li>Droit de rectification des donn\u00e9es<\/li>\n<li>Droit \u00e0 la suppression des donn\u00e9es<\/li>\n<li>Droit \u00e0 la restriction des donn\u00e9es<\/li>\n<li>Droit \u00e0 la portabilit\u00e9 des donn\u00e9es<\/li>\n<li>Droit d\u2019opposition \u00e0 un traitement de donn\u00e9es en motivant sp\u00e9cifiquement votre demande, tenant compte que le responsable de traitement peut d\u00e9montrer qu\u2019il existe des motifs l\u00e9gitimes et imp\u00e9rieux qui justifient le traitement contest\u00e9 et ce, en conformit\u00e9 avec le <strong>RGPD<\/strong>.<\/li>\n<\/ul>\n<p>Pour exercer ces droits, il vous suffit d\u2019adresser un courriel \u00e0 l\u2019adresse de contact <strong>DPO<\/strong> reprise en ent\u00eate de ce document dans laquelle vous mentionnez pr\u00e9cis\u00e9ment l\u2019objet de votre demande. Cette demande sera sign\u00e9e, dat\u00e9e et accompagn\u00e9e d\u2019une copie recto\/verso de votre carte d\u2019identit\u00e9.<\/p>\n<ol start=\"11\">\n<li><strong>Combien de temps conservons-nous vos donn\u00e9es\u00a0? <\/strong><\/li>\n<\/ol>\n<p>Les donn\u00e9es personnelles que vous nous avez confi\u00e9es sont conserv\u00e9es aussi longtemps que votre enfant est scolaris\u00e9 dans notre \u00e9tablissement scolaire. Les donn\u00e9es relatives \u00e0 la scolarit\u00e9 de votre enfant sont conserv\u00e9es dans notre \u00e9tablissement conform\u00e9ment aux dispositions l\u00e9gales et au plus durant 30 ans.<\/p>\n<ol start=\"12\">\n<li><strong>S\u00e9curit\u00e9<\/strong><\/li>\n<\/ol>\n<p>Notre \u00e9tablissement scolaire prendra les mesures techniques, physiques, l\u00e9gales et organisationnelles appropri\u00e9es qui sont en conformit\u00e9 avec les lois en mati\u00e8re de vie priv\u00e9e et de protection des donn\u00e9es applicables. Si vous avez des raisons de croire que votre interaction avec nous n\u2019est plus s\u00fbre (par exemple, si vous avez l\u2019impression que la s\u00e9curit\u00e9 des donn\u00e9es personnelles que vous pourriez avoir avec nous pourrait avoir \u00e9t\u00e9 compromise), vous \u00eates pri\u00e9s de nous en avertir imm\u00e9diatement.<\/p>\n<p>Lorsque notre \u00e9tablissement fournit des donn\u00e9es personnelles \u00e0 un partenaire, le fournisseur de services sera s\u00e9lectionn\u00e9 attentivement et devra utiliser les mesures appropri\u00e9es pour garantir la confidentialit\u00e9 et la s\u00e9curit\u00e9 des donn\u00e9es personnelles.<\/p>\n<ol start=\"13\">\n<li><strong>Modifications \u00e0 ces r\u00e8gles<\/strong><\/li>\n<\/ol>\n<p>Nous revoyons ces r\u00e8gles r\u00e9guli\u00e8rement et nous r\u00e9servons le droit d\u2019apporter des changements \u00e0 tout moment pour prendre en compte des changements dans nos activit\u00e9s et exigences l\u00e9gales. Les mises \u00e0 jour vous seront communiqu\u00e9es via notre site internet.<\/p>\n","protected":false},"excerpt":{"rendered":"<p>D\u00e9claration de protection de la vie priv\u00e9e \u00e0 l\u2019\u00e9gard des donn\u00e9es personnelles Cette information s\u2019adresse aux parents ou responsables l\u00e9gaux des enfants mineurs mais \u00e9galement aux \u00e9l\u00e8ves majeurs et \u00e0 leurs parents, dans la mesure o\u00f9 malgr\u00e9 la majorit\u00e9 de l\u2019enfant, l\u2019\u00e9cole continue, sauf d\u00e9cision contraire de l\u2019\u00e9l\u00e8ve, de consid\u00e9rer les parents comme des interlocuteurs [&hellip;]<\/p>\n","protected":false},"author":1,"featured_media":0,"parent":0,"menu_order":0,"comment_status":"closed","ping_status":"closed","template":"","meta":{"_et_pb_use_builder":"","_et_pb_old_content":"","_et_gb_content_width":"","footnotes":""},"class_list":["post-26613","page","type-page","status-publish","hentry"],"_links":{"self":[{"href":"https:\/\/www.sv-sf.be\/SVXL\/index.php?rest_route=\/wp\/v2\/pages\/26613","targetHints":{"allow":["GET"]}}],"collection":[{"href":"https:\/\/www.sv-sf.be\/SVXL\/index.php?rest_route=\/wp\/v2\/pages"}],"about":[{"href":"https:\/\/www.sv-sf.be\/SVXL\/index.php?rest_route=\/wp\/v2\/types\/page"}],"author":[{"embeddable":true,"href":"https:\/\/www.sv-sf.be\/SVXL\/index.php?rest_route=\/wp\/v2\/users\/1"}],"replies":[{"embeddable":true,"href":"https:\/\/www.sv-sf.be\/SVXL\/index.php?rest_route=%2Fwp%2Fv2%2Fcomments&post=26613"}],"version-history":[{"count":0,"href":"https:\/\/www.sv-sf.be\/SVXL\/index.php?rest_route=\/wp\/v2\/pages\/26613\/revisions"}],"wp:attachment":[{"href":"https:\/\/www.sv-sf.be\/SVXL\/index.php?rest_route=%2Fwp%2Fv2%2Fmedia&parent=26613"}],"curies":[{"name":"wp","href":"https:\/\/api.w.org\/{rel}","templated":true}]}}